{"id":10,"date":"2025-01-17T12:45:03","date_gmt":"2025-01-17T12:45:03","guid":{"rendered":"https:\/\/www.radekbanga.cz\/?page_id=10"},"modified":"2025-01-17T14:54:30","modified_gmt":"2025-01-17T14:54:30","slug":"hlavni-stranka","status":"publish","type":"page","link":"https:\/\/www.radekbanga.cz\/index.php\/hlavni-stranka\/","title":{"rendered":"Bio"},"content":{"rendered":"\n<p><strong>Radek Banga <\/strong>p\u016fsob\u00ed na \u010desk\u00e9 hudebn\u00ed sc\u00e9n\u011b u\u017e <strong>od t\u0159in\u00e1cti let. <\/strong>Od t\u00e9 doby vydal mnoho \u00fasp\u011b\u0161n\u00fdch nahr\u00e1vek<strong>, <\/strong>z\u00edskal<strong> \u0159adu ocen\u011bn\u00ed <\/strong>a <strong>vystupoval po cel\u00e9m sv\u011bt\u011b <\/strong>v\u010detn\u011b slavn\u00e9ho festivalu v&nbsp;britsk\u00e9m<strong> Glastonbury. <\/strong>Od roku 2000 je nav\u00edc aktivn\u00edm producentem a st\u00e1l za des\u00edtkami alb od hip-hopu po tradi\u010dn\u00ed popov\u00e9 projekty. Napsal \u0159adu hit\u016f dal\u0161\u00edm interpret\u016fm, v\u010detn\u011b <strong>Karla Gotta<\/strong>.&nbsp;Posledn\u00edch n\u011bkolik let se spojil s n\u011bkolika zahrani\u010dn\u00edmi producenty, p\u0159edev\u0161\u00edm z USA a nau\u010dil se na jejich semin\u00e1\u0159\u00edch zcela jinak pracovat se zvukem.&nbsp;<\/p>\n\n\n\n<p>To v\u0161e mu otev\u0159elo cestu k realizaci vlastn\u00edho <strong>s\u00f3lov\u00e9ho debutov\u00e9ho alba<\/strong> s&nbsp;n\u00e1zvem <strong><em>V\u011bci jinak<\/em><\/strong>.<\/p>\n\n\n\n<p><strong>Aktu\u00e1ln\u011b<\/strong> Radek Banga vydal ji\u017e sv\u00e9 <strong>druh\u00e9 s\u00f3lov\u00e9 album<\/strong> s n\u00e1zvem <strong>Nic nen\u00ed nemo\u017en\u00e9<\/strong>. Singl <strong>Ot\u00e1zky<\/strong>, kter\u00fd vy\u0161el spole\u010dn\u011b s deskou, se stal b\u011bhem p\u00e1r dn\u00ed <strong>hitem<\/strong>. Tis\u00edce lid\u00ed za\u010daly nat\u00e1\u010det videa na tento song, kter\u00e1 ot\u00e1zka dept\u00e1 je. Chytlav\u00e1 p\u00edsni\u010dka s vtipn\u00fdm textem se paradoxn\u011b dot\u00fdk\u00e1 i pom\u011brn\u011b d\u016fle\u017eit\u00e9ho t\u00e9matu. Pro mnoh\u00e9 m\u016f\u017eou b\u00fdt toti\u017e nevhodn\u00e9 ot\u00e1zky citlivou z\u00e1le\u017eitost\u00ed. Mo\u017en\u00e1 pr\u00e1v\u011b i proto se s textem p\u00edsni\u010dky tolik lid\u00ed ztoto\u017en\u00ed a song se tak stal b\u011bhem p\u00e1r dn\u00ed <strong>hitem<\/strong> a m\u00e1 <strong>milionov\u00e9 dosahy<\/strong>.<\/p>\n\n\n\n<p>Ke konci roku ozn\u00e1mil p\u00edsni\u010dkou <strong>D\u00e1rek v\u00e1no\u010dn\u00ed<\/strong>, \u017ee s man\u017eelkou \u010dekaj\u00ed miminko. P\u00edsni\u010dka p\u0159ipomene n\u00e1m v\u0161em, v \u010dem to opravdov\u00e9 kouzlo V\u00e1noc spo\u010d\u00edv\u00e1.<\/p>\n\n\n\n<p>Radek je ale nejen zp\u011bv\u00e1k a skladatel, ale u\u017e des\u00e1t\u00fdm rokem tak\u00e9 se sv\u00fdm programem Kdy\u017e chce\u0161, tak to dok\u00e1\u017ee\u0161!, <strong>motivuje ml\u00e1de\u017e po cel\u00e9 \u010cR<\/strong>. Pr\u00e1v\u011b zp\u011btn\u00e9 vazby byly jedn\u00edm z d\u016fvod\u016f, pro\u010d se Radek rozhodl k vyd\u00e1n\u00ed <strong>knihy (Ne)po\u0161li to d\u00e1l<\/strong>. Jedn\u00e1 se o velmi otev\u0159en\u011b sd\u00edlen\u00fd osobn\u00ed p\u0159\u00edb\u011bh, kter\u00fd umo\u017e\u0148uje \u010dten\u00e1\u0159i vid\u011bt o\u010dima d\u00edt\u011bte a dosp\u00edvaj\u00edc\u00edho \u010dlov\u011bka probl\u00e9my, se kter\u00fdmi se n\u011bkter\u00e9 rodiny pot\u00fdkaj\u00ed. Vyb\u00edz\u00ed k zamy\u0161len\u00ed nad z\u00e1t\u011b\u017e\u00ed, kterou si n\u011bkdy neseme ze sv\u00e9ho d\u011btstv\u00ed a kter\u00e1 se nez\u0159\u00eddka t\u00e1hne cel\u00fdmi generacemi. V mnoh\u00fdch \u010dten\u00e1\u0159\u00edch kniha posiluje v\u011bdom\u00ed, \u017ee a\u0165 se ocitaj\u00ed v jakkoliv n\u00e1ro\u010dn\u00e9 situaci, je mo\u017en\u00e9 se s n\u00ed vypo\u0159\u00e1dat a neposlat \u201eto\u201c d\u00e1l.<br>Radek d\u00edky sv\u00fdm p\u0159edn\u00e1\u0161k\u00e1m a d\u00edky sv\u00e9mu<strong> <\/strong>dlouholet\u00e9mu<strong> <\/strong>p\u016fsoben\u00ed na \u010desk\u00e9 hudebn\u00ed sc\u00e9n\u011b si z\u00edskal <strong>fanou\u0161ky nap\u0159\u00ed\u010d v\u0161emi generacemi<\/strong>. Naplno se tak\u00e9 v\u011bnuje soci\u00e1ln\u00edm s\u00edt\u00edm. Jeho <strong>Tik Tokov\u00fd<\/strong> \u00fa\u010det aktu\u00e1ln\u011b sleduje t\u00e9m\u011b\u0159 <strong>400 000 followers<\/strong>. Jako <strong>influencer<\/strong> tak vyu\u017e\u00edv\u00e1 soci\u00e1ln\u00ed s\u00edt\u011b nejen k propagaci hudby, akc\u00ed kde vystupuje, ale tak\u00e9 k motivov\u00e1n\u00ed mlad\u00fdch lid\u00ed. Jeho <strong>\u017eivotn\u00ed p\u0159\u00edb\u011bh<\/strong> je pro mnoh\u00e9 velkou <strong>inspirac\u00ed<\/strong>.<\/p>\n","protected":false},"excerpt":{"rendered":"<p>Radek Banga p\u016fsob\u00ed na \u010desk\u00e9 hudebn\u00ed sc\u00e9n\u011b u\u017e od t\u0159in\u00e1cti let. Od t\u00e9 doby vydal mnoho \u00fasp\u011b\u0161n\u00fdch nahr\u00e1vek, z\u00edskal \u0159adu ocen\u011bn\u00ed a vystupoval po cel\u00e9m sv\u011bt\u011b v\u010detn\u011b slavn\u00e9ho festivalu v&nbsp;britsk\u00e9m<\/p>\n<p class=\"more-link\"><a href=\"https:\/\/www.radekbanga.cz\/index.php\/hlavni-stranka\/\" class=\"readmore\">Continue reading<span class=\"screen-reader-text\">Bio<\/span><\/a><\/p>\n","protected":false},"author":1,"featured_media":0,"parent":0,"menu_order":0,"comment_status":"closed","ping_status":"closed","template":"","meta":{"footnotes":""},"class_list":["post-10","page","type-page","status-publish","hentry"],"_links":{"self":[{"href":"https:\/\/www.radekbanga.cz\/index.php\/wp-json\/wp\/v2\/pages\/10","targetHints":{"allow":["GET"]}}],"collection":[{"href":"https:\/\/www.radekbanga.cz\/index.php\/wp-json\/wp\/v2\/pages"}],"about":[{"href":"https:\/\/www.radekbanga.cz\/index.php\/wp-json\/wp\/v2\/types\/page"}],"author":[{"embeddable":true,"href":"https:\/\/www.radekbanga.cz\/index.php\/wp-json\/wp\/v2\/users\/1"}],"replies":[{"embeddable":true,"href":"https:\/\/www.radekbanga.cz\/index.php\/wp-json\/wp\/v2\/comments?post=10"}],"version-history":[{"count":11,"href":"https:\/\/www.radekbanga.cz\/index.php\/wp-json\/wp\/v2\/pages\/10\/revisions"}],"predecessor-version":[{"id":39,"href":"https:\/\/www.radekbanga.cz\/index.php\/wp-json\/wp\/v2\/pages\/10\/revisions\/39"}],"wp:attachment":[{"href":"https:\/\/www.radekbanga.cz\/index.php\/wp-json\/wp\/v2\/media?parent=10"}],"curies":[{"name":"wp","href":"https:\/\/api.w.org\/{rel}","templated":true}]}}

<p><strong>Radek Banga </strong>působí na české hudební scéně už <strong>od třinácti let. </strong>Od té doby vydal mnoho úspěšných nahrávek<strong>, </strong>získal<strong> řadu ocenění </strong>a <strong>vystupoval po celém světě </strong>včetně slavného festivalu v&nbsp;britském<strong> Glastonbury. </strong>Od roku 2000 je navíc aktivním producentem a stál za desítkami alb od hip-hopu po tradiční popové projekty. Napsal řadu hitů dalším interpretům, včetně <strong>Karla Gotta</strong>.&nbsp;Posledních několik let se spojil s několika zahraničními producenty, především z USA a naučil se na jejich seminářích zcela jinak pracovat se zvukem.&nbsp;</p>



<p>To vše mu otevřelo cestu k realizaci vlastního <strong>sólového debutového alba</strong> s&nbsp;názvem <strong><em>Věci jinak</em></strong>.</p>



<p><strong>Aktuálně</strong> Radek Banga vydal již své <strong>druhé sólové album</strong> s názvem <strong>Nic není nemožné</strong>. Singl <strong>Otázky</strong>, který vyšel společně s deskou, se stal během pár dní <strong>hitem</strong>. Tisíce lidí začaly natáčet videa na tento song, která otázka deptá je. Chytlavá písnička s vtipným textem se paradoxně dotýká i poměrně důležitého tématu. Pro mnohé můžou být totiž nevhodné otázky citlivou záležitostí. Možná právě i proto se s textem písničky tolik lidí ztotožní a song se tak stal během pár dní <strong>hitem</strong> a má <strong>milionové dosahy</strong>.</p>



<p>Ke konci roku oznámil písničkou <strong>Dárek vánoční</strong>, že s manželkou čekají miminko. Písnička připomene nám všem, v čem to opravdové kouzlo Vánoc spočívá.</p>



<p>Radek je ale nejen zpěvák a skladatel, ale už desátým rokem také se svým programem Když chceš, tak to dokážeš!, <strong>motivuje mládež po celé ČR</strong>. Právě zpětné vazby byly jedním z důvodů, proč se Radek rozhodl k vydání <strong>knihy (Ne)pošli to dál</strong>. Jedná se o velmi otevřeně sdílený osobní příběh, který umožňuje čtenáři vidět očima dítěte a dospívajícího člověka problémy, se kterými se některé rodiny potýkají. Vybízí k zamyšlení nad zátěží, kterou si někdy neseme ze svého dětství a která se nezřídka táhne celými generacemi. V mnohých čtenářích kniha posiluje vědomí, že ať se ocitají v jakkoliv náročné situaci, je možné se s ní vypořádat a neposlat „to“ dál.<br>Radek díky svým přednáškám a díky svému<strong> </strong>dlouholetému<strong> </strong>působení na české hudební scéně si získal <strong>fanoušky napříč všemi generacemi</strong>. Naplno se také věnuje sociálním sítím. Jeho <strong>Tik Tokový</strong> účet aktuálně sleduje téměř <strong>400 000 followers</strong>. Jako <strong>influencer</strong> tak využívá sociální sítě nejen k propagaci hudby, akcí kde vystupuje, ale také k motivování mladých lidí. Jeho <strong>životní příběh</strong> je pro mnohé velkou <strong>inspirací</strong>.</p>

<p>Radek Banga působí na české hudební scéně už od třinácti let. Od té doby vydal mnoho úspěšných nahrávek, získal řadu ocenění a vystupoval po celém světě včetně slavného festivalu v&nbsp;britském</p>
<p class="more-link"><a href="https://www.radekbanga.cz/index.php/hlavni-stranka/" class="readmore">Continue reading<span class="screen-reader-text">Bio</span></a></p>
